or of t and 13956.
12
Let m be -4 + -4 + 9 - -24. Suppose m = -5*h - 4*q + 113, 2*h + 3*q = 31. Let n be (10*1)/((-2)/(-4)). Calculate the greatest common divisor of h and n.
20
Suppose -r + 2*r + 3*s - 4 = 0, 2*r = -5*s + 7. Let b = r - -1. Let y = 89 + -88. What is the greatest common divisor of y and b?
1
Let n be (1 + -8)/(-2 + 1). Let c = 576 - 301. Let p = 331 - c. Calculate the greatest common divisor of n and p.
7
Suppose 0 = 17*u - 4734 + 59. What is the highest common divisor of 44 and u?
11
Let m(w) = -w**3 + 11*w**2 - 9*w - 5. Let j be m(10). Suppose h = j*b - 6 - 26, 2 = 2*b - 4*h. Calculate the highest common factor of 119 and b.
7
Suppose 5*f - w - 42 = 156, -196 = -5*f + 2*w. Suppose -2*k - 84 = -2*t, 2*t - 5*k - 38 = f. Let y = 11 - 7. What is the highest common divisor of y and t?
4
Let b = -13343 - -34640. What is the highest common factor of b and 93?
93
Let u = 5716 - 5506. Calculate the greatest common divisor of u and 750.
30
Suppose -6*r - 1998 = 10356. Let c = -2048 - r. Suppose -3*q - 4*p = 2*q - 275, 2*q - 5*p - 110 = 0. Calculate the greatest common divisor of c and q.
11
Let n(m) = -m**3 + 51*m**2 - 39*m + 607. Let o be n(50). What is the greatest common factor of 1335 and o?
89
Let o(b) = b**2 + 18*b + 10. Let r be o(-11). Let c = r - -50. Let h(u) = -6*u - 44. Let l be h(c). What is the highest common factor of 29 and l?
29
Let t = 7342 - 7340. What is the highest common factor of t and 81?
1
Let z be ((-1 - -1)/1)/2. Let i(n) = 24 + 4*n - 16 + 10*n - 11*n. Let g be i(z). Calculate the greatest common factor of 1 and g.
1
Suppose 6*i - 341 = -101. Suppose 558*t + 880 = 569*t. What is the greatest common divisor of i and t?
40
Let t = -383 - -388. Suppose -2*z = t*u - 45, -3*z - 3*u - 10 + 64 = 0. Let k = 3 + 12. What is the highest common divisor of k and z?
15
Let i(v) be the third derivative of 21*v**5/10 + 5*v**4/12 - 4*v**3/3 + 11*v**2 + 2*v. Let d be i(1). What is the greatest common factor of 2 and d?
2
Let i be (-11)/((-308)/1442)*2. Calculate the highest common factor of i and 8.
1
Suppose 20492 = 4*b - l, b + l = 7007 - 1879. What is the greatest common divisor of b and 84?
84
Suppose -2*z + 4*z - 28 = 0. Suppose z = -s + 40. Let r(o) = -o**2 - 11*o - 16. Let g be r(-2). Calculate the highest common divisor of g and s.
2
Let v = -41 + 61. Let w = 123 - 52. Suppose 0 = 6*f + w - 101. Calculate the greatest common factor of v and f.
5
Suppose -756*h + 20070 = -741*h. What is the highest common factor of h and 6?
6
Let y = 130 + -145. Let s be 4144/84 - 5/(y/2). Calculate the greatest common divisor of 4 and s.
2
Let f = 3719 + -3654. What is the highest common factor of 6695 and f?
65
Let z(p) = -p**3 - 3*p**2 - 6*p - 2. Let d be z(-4). Let r(l) = -l**2 + 21*l + 456. Let n be r(19). Calculate the greatest common divisor of n and d.
38
Let w be 3415 + (3 + -2)/((-1)/5*1). What is the highest common divisor of 186 and w?
62
Let m(n) = -n**2 + 11*n + 11. Let y be m(9). Suppose -1288 = 4*f - 11*f. Let x = f - 97. What is the highest common factor of x and y?
29
Suppose -3*k + 1 + 83 = 0. Suppose -48 - 8 = -k*f. Calculate the greatest common divisor of f and 50.
2
Let f be (-36)/270 - (6/27)/(5/(-2658)). What is the highest common factor of f and 12095?
59
Suppose -20*z - 15461 - 79 = 0. Let v = z + 832. What is the highest common divisor of 341 and v?
11
Let p = -145 - -89. Let x be (p/70)/(6/(-585)). What is the greatest common divisor of x and 117?
39
Let b(d) = -d**3 + 40*d**2 - 55*d + 56. Let m be b(38). Let o = m + -839. What is the highest common factor of 270 and o?
15
Let n(k) = -801*k + 339. Let u be n(-4). What is the highest common divisor of u and 3?
3
Let y = 485 - 483. Suppose a - 3*i + 1240 = 6*a, -4*a - y*i + 992 = 0. Calculate the greatest common factor of a and 16.
8
Suppose 0 = 2*u - 5*h - 32, 2*u = -23*h + 27*h + 30. What is the greatest common divisor of u and 3949?
11
Let j(x) = x**3 + 12*x**2 - 4*x - 23. Let b be j(-12). Let o = 69 - b. Let y = -28 + 39. Calculate the greatest common divisor of o and y.
11
Suppose 11*g + 63 - 1548 = 0. What is the highest common divisor of g and 360?
45
Suppose -24*d + 19*d + 224 = -4*y, 2*d - 76 = 5*y. What is the highest common divisor of d and 1002?
6
Let b = 64 + 155. Suppose 19*p + b = 16*p. Let i = p - -153. Calculate the greatest common divisor of i and 120.
40
Suppose 3*l = -3*s + 4*l + 9355, 2*s = l + 6235. Let w be ((-2)/(-4))/(39/s). What is the greatest common factor of 190 and w?
10
Suppose 32*f - 22103 = f. Calculate the highest common divisor of f and 124.
31
Suppose 0 = 4*h - i + 237 - 312, 2*h + 3*i = 55. Calculate the greatest common divisor of 1310 and h.
10
Let o be (-224)/128*(-8)/2. Suppose o*w = 2228 + 187. Calculate the greatest common factor of 15 and w.
15
Let b = 23703 + -23667. What is the greatest common factor of b and 4764?
12
Let j be 12*(120/(-18) + 16). Let n = 198 - 128. What is the highest common divisor of j and n?
14
Let y = -933 + 938. Suppose y*k + 0*d + 5*d - 330 = 0, -2*k + 2*d = -112. Calculate the highest common factor of 1586 and k.
61
Suppose 2*g + 2*r = 208, 416 = 4*g - 3*r - r. Let m be (-2 - 16/(-10)) + (-42)/(-5). What is the greatest common factor of m and g?
8
Suppose -72*h - 93*h = -28*h - 4110. Calculate the highest common divisor of 330 and h.
30
Suppose 11*x - 1683 = 2519. Suppose 2*m + 23*j = 27*j + x, -558 = -3*m + j. What is the highest common divisor of 5 and m?
5
Suppose 0 = -28*z - 3037 + 4549. Let i = -50 - -77. What is the greatest common divisor of i and z?
27
Let a be (-4 + 86)/(1/1). Let f(k) = -k**3 + 3*k - 16. Let r be f(-3). Calculate the greatest common divisor of r and a.
2
Let g(f) = -201*f - 4. Let l be g(-2). Suppose -l*d + 350 = -396*d. Calculate the greatest common factor of d and 5.
5
Let a = 1334 - -483. Calculate the greatest common divisor of 69 and a.
23
Let z(g) = -g**3 - 2*g**2 + 6*g + 2. Let d be (-7)/2 - 8/16. Let k be z(d). Let n be (0 + 1)/((-164)/(-80) - 2). Calculate the highest common factor of n and k.
10
Suppose -2*g + 3676 = -5*l, 4*g - 4088 - 3308 = -l. What is the greatest common factor of 1512 and g?
168
Let i = -144 + 205. Suppose -z - 78 = -5*g + 199, -g + 3*z = -i. What is the greatest common divisor of g and 15?
5
Let y(a) be the first derivative of a**4/4 + 11*a**3 + 59*a**2/2 - 69*a - 213. Let i be y(-31). Calculate the greatest common factor of i and 30.
6
Let q be (-17 - 383210/(-15)) + 2/3. What is the highest common factor of 211 and q?
211
Let t(b) = -b**3 + 10*b**2 - 15*b - 8. Let d be t(7). Let s be 2108/d + 1 + (-1 - -1). Let l = s + -57. What is the greatest common divisor of l and 21?
3
Suppose -241 = -4*l + 5*j, -5*l - 39*j = -43*j - 290. What is the highest common factor of 288 and l?
18
Let b = 197 - 619. Let c = 528 - b. Calculate the greatest common factor of 38 and c.
38
Let q(b) = -15*b - 311. Let l(j) = -3*j - 62. Let v(p) = 22*l(p) - 4*q(p). Let g be v(-34). Calculate the greatest common divisor of 126 and g.
42
Let q be (2 + -1)/(2/6). Let o = 1825 - 1834. Let v be ((-4)/6)/(q/o). What is the highest common divisor of v and 4?
2
Let j(p) = 22*p**2 - 11*p - 4. Let h be j(3). Calculate the highest common divisor of h and 133.
7
Let h be 20/(-30) - 8/(-3). Let f(p) = 57 - 6*p**h + p**3 + 3*p - 61 - 2*p. Let g be f(7). What is the highest common factor of 13 and g?
13
Let q = -5695 + 5741. What is the greatest common factor of q and 1288?
46
Let j = -323 - -325. Let t be j/(10/85) + -6. Calculate the highest common factor of t and 187.
11
Let o = 332 - 321. Suppose -o*a = -24*a + 104. What is the highest common divisor of a and 296?
8
Suppose -3*s + 49 + 18 = -176. What is the highest common factor of s and 21951?
81
Let g = 21 - 9. Let c be (0 - (-96)/9)*-21. Let i = c - -356. Calculate the greatest common factor of g and i.
12
Let i be (225/(-36))/(20/(-96)). Let g = 3 + 21. Let w be 2*((-8)/g)/((-4)/i). Calculate the greatest common factor of w and 40.
5
Suppose -53 = 2*m + 6*d - 3*d, -5*m = -2*d + 142. Let y(c) = -c**2 - 75*c + 33. Let i be y(m). Calculate the highest common divisor of i and 71.
71
Suppose -14*u - 5511 = -25*u. Suppose 3*c - u = 5*k - 8*k, -k = 4*c - 176. Calculate the greatest common factor of 123 and k.
41
Let